- -6) + -39 - (0 - 8)) + 1?
-47
What is (-14 - (-5 - -3)) + (8 - 1) + (-184 - -74)?
-115
Evaluate 32 - (12 - -5 - ((5 - -9) + -17 + 10)).
22
Calculate 29 + (8 - 6) - (265 + -272).
38
What is -48 + (6 - ((-7 - (-6 + 4)) + 7))?
-44
What is the value of 69 + -33 + (9 + 5 - 5)?
45
Evaluate (276 - 318) + (10 - -101).
69
Evaluate (-8 - 16) + (10 - -1) - (2 + 78).
-93
Evaluate 47 + 7 + 0 - (1 - (-13 - -4)).
44
Evaluate -6 + 9 + -13 - -49.
39
What is 1 + -2 - (19 - (-17 - (-5 - 71)))?
39
What is (-12 - (18 + 24)) + 3 + -12 + 4?
-59
What is the value of 3 + 0 + -9 + (-9 - -5) + -14?
-24
Calculate -25 - (-18 - (-8 - 1)).
-16
Calculate -4 + -5 + 11 + -16 - (31 + -124) - -9.
88
-44 - ((-24 - 38) + 18)
0
Evaluate -9 + 2 + (-139 - (-97 + -111)).
62
What is the value of -4 - 4 - (-28 + -39)?
59
Evaluate -23 - (-10 - 28) - (-20 - 1).
36
What is the value of (8 - 7 - 62) + (-99 - -106)?
-54
What is -38 + (5 - 1 - (5 + -1)) + (-44 - -46)?
-36
What is (34 - (-12 + 98)) + (15 - -7)?
-30
-49 + (145 - -132 - 167)
61
What is (21 + -24 - -24) + 6 - -68?
95
What is (-2 - -37 - (9 - -16)) + (1 - -45) + -2?
54
What is (-1 - -14) + -6 + -61 + 5 - -13?
-36
Evaluate 40 - (-2 + 9 + (77 - 56)).
12
Calculate -8 + -15 + 52 + -40.
-11
-1 + 70 + 53 + -46 + -12
64
Evaluate 39 + (-21 + -3 - -24).
39
2 - ((-19 - 41) + 16 - (-3 + 7 - 6))
44
1146 - 1115 - (-2 - -36)
-3
What is the value of 54 + 8 + -21 + 0 + (-6 - -17)?
52
-549 + 550 + (71 - 1)
71
Evaluate -2 + 0 + 39 + -1956 + 1933.
14
Calculate -34 + 132 + -14 - (11 + -2 + 2).
73
(48 - 18 - 29) + -1 + 1 - 4
-3
Evaluate -42 + (1 + 22 - ((16 - -19) + -19)).
-35
Calculate -3 + (3 - 5) + -27 + 5 + 11 + 66.
50
Calculate (12 - ((13 - 5) + -7)) + 9 + -4.
16
What is (-12 - (1 + -2)) + (-215 - -193)?
-33
Evaluate (1015 - 1002) + (0 - -14).
27
What is -55 + 93 + (-3 - -4) + -7 + 2?
34
What is 3 - (29 + 73 + -161)?
62
Evaluate (-95 + 47 - -75) + (1 - -5).
33
Calculate (-10 - -1) + 5 + -59 + 76.
13
What is the value of 5252 + -5201 - (-1 - -78)?
-26
What is 39 + -71 + 120 - 50?
38
Calculate (2 - -9) + 43 + (-40 - -68 - -13).
95
Calculate -21 - -36 - (-12 + 15 + -75 - -12).
75
((12 - 4) + 3 - 7) + (21 - 13 - 70)
-58
Calculate (3 - (4 - 11)) + -7 + (38 - 38) - -30.
33
Calculate (-7 - (-11 + 10 + 5 + -9)) + 138.
136
(93 - (20 - -44)) + 17
46
Calculate -1 - -38 - (-25 - (23 - (26 + 23 + 0))).
36
2 - (0 + -7 + 20 - -9)
-20
-33 + 0 - (16 - (33 - (33 + -2)))
-47
What is 126 + 48 + -142 + 0 + 0 + -9?
23
(-47 - (17 + (-17 - 6) + (9 - 3))) + 16
-31
Evaluate -17 + -14 + (14 - (-14 - -14)).
-17
-12 + (4 - 5) + 11 - 26
-28
What is (-5 - (-28 - 6)) + (4 - (-2 + 9)) + -7?
19
Evaluate 65 - (20 - -1 - 28) - 17.
55
(11 - 0 - 1) + (10 - 13) - (-528 + 522)
13
What is (-41 - 1) + (-46 - (76 - 127))?
-37
Calculate -54 - (3 + -2 + -45 + 35 + (-1 - -11)).
-55
What is the value of (-5 - 57) + 56 - 53?
-59
Evaluate (3 - 66) + (28 - (-11 - -46) - (2 + -17)).
-55
What is the value of (190 - 178 - (-4 - -25)) + -4 + 50?
37
Calculate 30 + (5 - 0) - (5 - (10 - 1)).
39
(48 - 27 - 12) + (2 - 3 - -31) + 10
49
What is -66 + -15 + 57 + 24?
0
What is the value of -100 - ((-42 + 35 - 10) + (5 - -7))?
-95
(67 - (-18 - -20)) + -10 + -4
51
Evaluate 1 - 22 - (-9 + 6) - ((-5 - -52) + -54).
-11
Evaluate (32 - 19) + 81 - -4 - (-1 + (-10 - 0)).
109
What is the value of -10 + 13 + (5 - (9 - 0)) - (-2 - 29)?
30
What is the value of 17 - -32 - (-1 - (3 + -12))?
41
Evaluate 0 + -16 + -35 + 78.
27
Calculate -3 + -47 + -351 + 460.
59
What is -101 + 0 + -231 + 251 + -31?
-112
-25 - (25 + (-42 - -31))
-39
Calculate -3 + 47 + -2 - (-5 - (4 + -12)) - 0.
39
What is the value of 49 - (-4 + -62 + 106) - ((48 - -2) + -1)?
-40
(37 - 22) + -56 + 6 - -130
95
Calculate 73 + ((-3 + 12 + 2 - -5) + -12 - 0).
77
Calculate -101 + -39 + 20 + 235.
115
What is (4 - 2) + (-11 - 2 - 1) - (-1533 + 1509)?
12
35 + (-13 - (21 + -28)) - 17
12
What is 9 + (14 - -15) + -19 + (10 - -1)?
30
Calculate (-13 - -5) + -8 + (8 - 0 - 9).
-17
30 - 13 - -1 - (-5 + -6 - 6)
35
Evaluate -33 + (-20 + (11 - -29) - 5).
-18
Calculate (56 - (-29 - -48)) + -12.
25
Calculate (94 - 2) + (-9 - 7) + (22 - -9) + -17.
90
What is the value of (445 - 435) + -2 + -6 - 31?
-29
Calculate -35 - (15 - (37 - 0)).
-13
What is -24 + (-20 - -32) + ((3 - 5) + 3 - 13)?
-24
13 - (-3 - -3 - -19) - 1 - (-4 + -1)
-2
What is 8 + (-26 - (-57 + 28) - 20)?
-9
Calculate (-14 - (50 - (33 - -4))) + -39.
-66
What is the value of -2110 - -2083 - (0 + 3 - -28)?
-58
Evaluate 17 - ((22 - -2) + -423 + 393).
23
Calculate (0 - 39) + (818 - 833) + 17.
-37
What is 1796 + -1792 - (73 + 4)?
-73
Evaluate -7 + 1 - (-61 + 60) - (-56 - -42).
9
Calculate -504 - -485 - (1 - (-2 - 2 - 6)).
-30
Evaluate 5 + -9 + (32 - (7 - 6)).
27
What is the value of 7 + -1 + (19 - 21) + -22?
-18
What is -18 + (0 - -9) + (61 - 8) + -2?
42
-126 - (131 - 27) - -115
-115
What is (-114 - -2) + -72 - -73?
-111
What is the value of -25 + 2 + 1 + -368 + 367?
-23
What is 0 + (-5 - -21) - (-8 + 13) - (1 - -46)?
-36
-4 + (-2 - (-17 - -22)) - 36
-47
-11 - ((3 - 20) + (22 - (13 - 0)))
-3
What is the value of (-3 - 104) + (1 - 2 - (-311 - -330))?
-127
Evaluate 862 + -1023 - (-12 - 84).
-65
What is 25 - (43 - 88 - -13)?
57
(-92 - 3 - ((33 - (1 + 20)) + 4)) + 3
-108
What is -19 - (-22 + (-15 - 6) + 27)?
-3
Calculate 66 - (-13 + -21 + (14 - -16) + (1 - -3)).
66
-14 + (-53 - -64) - (-18 + 19 + (-92 - 0))
88
What is 1 - (-7 + 8) - (207 + -212)?
5
Evaluate -77 - (-44 + -11) - 44.
-66
Evaluate -34 - (-26 + 26 + -1).
-33
Evaluate -16 - (-12 - 30 - -54).
-28
Calculate -39 + 39 + 84 + -33 + (1 - 6).
46
Calculate -88 - ((1025 - 1015) + (-16 - 1)).
-81
What is the value of 63 + -59 + (1 + 1 - 17)?
-11
7 - (44 - -2 - 1 - (-21 - (31 - 60)))
-30
What is 24 + 66 - (282 + -107)?
-85
What is the value of 18 - (24 - (18 + -6)) - 43?
-37
What is 7 + 89 + -58 - 52?
-14
What is (-2 - 41) + 400 + -372?
-15
Calculate 2 + 29 + (33 - 100) + 31.
-5
What is the value of (421 - 398) + (-2 - -5 - (6 + -8))?
28
What is -15 - (-6 + -15 - (1 - 46))?
-39
-4 - 36 - (107 - 131) - -22
6
Calculate -6 + 8 + (24 - 17) + (-5 - -70).
74
Calculate (70 + (-12 - -10) - 7) + 10 + 0.
71
What is 21 - (5 + (8 - (-2 + 5 + -12)))?
-1
What is (-7 - -3 - (16 - 20 - 64)) + 10?
74
What is the value of (1 - -2) + (159 - (77 - (-37 + 82)))?
130
0 + 9 - (5 - (24 + -24)) - -34
38
Calculate -6 + 54 + 93 + -69.
72
-59 + 3 + (-69 + 117 - 48)
-56
What is the value of 26 + -8 - (-49 + 36)?
31
Evaluate 89 + -74 + -15 + 8 - 103.
-95
What is -51 + (-10 - -44) + 53?
36
What is (2 - (3 - (-2 - -1)) - -3) + (-49 - -38)?
-10
Calculate (-34 + -54 - -72) + (-1 - 15).
-32
What is 41 + -79 + 32 - -28 - 93?
-71
(25 - 105 - (-6 + 3 - 10)) + 3 + -2
-66
Calculate -4 - (15 - (34 + -3 + -59)).
-47
Calculate -106 - (-7 - -16 - (-1 + -1)) - (1 + 5).
-123
Calculate -13 - (5 + (-57 - -23 - -15)).
1
What is the value of -19 + 4 + (100 + 14 + -7 + 7 - -1)?
100
What is (8 - 14 - ((8 + -8 - 13) + 6)) + 59?
60
(2 - -2) + 18 - (-220 + 192)
50
Evaluate (6 + 0 - (-5 + 156)) + (13 - (13 - 7)).
-138
3724 + -3643 + -1 + -49
31
-120 + (-1 - 5) + (-17 - (-30 - (-44 + 33)))
-124
What is (-1 - 22) + -203 + 173?
-53
What is the value of (54 - 33 - 40) + (2 - 13) - 8?
-38
Evaluate -2 - -9 - (-309 - -360).
-44
What is 31 - (-2 + -11 + 12 + 108)?
-76
What is the value of 35 + 69 + -250 + 80?
-66
What is (3125 - 3268) + 120 + 5?
-18
-1 + 63 - (1370 + -1384)
76
What is -18 - ((-21 - 8) + -14 - -157)?
-132
What is the value of (-8 - (4 - (30 - 40))) + 2 + -3 + 6?
-17
Evaluate 2971 + -3034 + (0 - -22).
-41
What is 18 + -3 + -21 + (-3 + 0 - -3)?
-6
Calculate 5 + (-2 - -2 - 6) + (61 - 56).
4
What is -6 - 26 - -12 - (-53 - -4)?
29
What is the value of (19 - 24 - (-41 + 3 + -3)) + (-3 - 3)?
30
Evaluate 16 + 0 + -22 - (-2 + 0) - -12.
8
What is (97 - 91) + (-1 - (13 - 6))?
-2
Calculate (6579 + -6573 - (2 + 0 + 15 + 0)) + 146.
135
What is 12 - ((-1 - 20) + 140 + -101 - 18)?
12
What is -41 - (26 + 0 - (-242 - -248))?
-61
Calculate -47 - (-5 + -136) - 51.
43
What is the value of 4 + (-12 - (-12 - (5 - 8))) + -30?
-29
Evaluate (-75 - -69) + (-1 - 31).
-38
What is 9 - (10 - -29) - -51?
21
Calculate 32 - (17 - 35) - 44.
6
What is 3 - ((-2 - 0) + 4) - (15 + (-44 - -85))?
-55
What is -6 + 3 + (118 - 48) + -21?
46
Calculate 0 + 1 - 52 